lculate the remainder when 5032 is divided by 1449.
685
Calculate the remainder when 35416 is divided by 1960.
136
What is the remainder when 1197740 is divided by 1840?
1740
Calculate the remainder when 1077299 is divided by 300.
299
What is the remainder when 1580632 is divided by 87757?
1006
Calculate the remainder when 175187 is divided by 1593.
1550
What is the remainder when 6613983 is divided by 6613975?
8
What is the remainder when 39760 is divided by 111?
22
Calculate the remainder when 25901 is divided by 7056.
4733
Calculate the remainder when 526236 is divided by 105214.
166
Calculate the remainder when 613872 is divided by 4893.
2247
Calculate the remainder when 2522630 is divided by 2325.
5
What is the remainder when 339074 is divided by 118?
60
Calculate the remainder when 454202 is divided by 227094.
14
What is the remainder when 143358342 is divided by 1845?
1842
What is the remainder when 71349 is divided by 2160?
69
Calculate the remainder when 109283 is divided by 108871.
412
What is the remainder when 1845844 is divided by 1654?
1634
Calculate the remainder when 6889628 is divided by 344481.
8
Calculate the remainder when 292895 is divided by 72.
71
What is the remainder when 28153001 is divided by 1671?
1664
What is the remainder when 65426034 is divided by 151?
150
Calculate the remainder when 5310776 is divided by 7119.
2
What is the remainder when 4172414 is divided by 834333?
749
What is the remainder when 50070 is divided by 1481?
1197
What is the remainder when 3129623 is divided by 1854?
71
What is the remainder when 20728734 is divided by 4289?
4286
What is the remainder when 385523 is divided by 147?
89
What is the remainder when 25662165 is divided by 3304?
3301
Calculate the remainder when 670166 is divided by 223360.
86
What is the remainder when 292719 is divided by 25?
19
What is the remainder when 37146393 is divided by 28?
25
What is the remainder when 1851667 is divided by 52894?
377
Calculate the remainder when 1378047 is divided by 293.
68
What is the remainder when 178335982 is divided by 12?
10
Calculate the remainder when 601238 is divided by 100205.
8
What is the remainder when 8272288 is divided by 39?
37
Calculate the remainder when 3614975 is divided by 328625.
100
What is the remainder when 366213 is divided by 234?
3
Calculate the remainder when 2214813 is divided by 17302.
157
What is the remainder when 5199437 is divided by 243?
209
Calculate the remainder when 24513372 is divided by 1685.
1677
What is the remainder when 65978 is divided by 64?
58
What is the remainder when 870415 is divided by 72534?
7
Calculate the remainder when 2645261 is divided by 1322357.
547
Calculate the remainder when 363385365 is divided by 121128449.
18
Calculate the remainder when 526439 is divided by 87735.
29
What is the remainder when 5549508 is divided by 1387354?
92
What is the remainder when 40297370 is divided by 2014865?
70
Calculate the remainder when 3466320 is divided by 3030.
0
What is the remainder when 222547 is divided by 1338?
439
What is the remainder when 3524020 is divided by 880912?
372
Calculate the remainder when 7939265 is divided by 467012.
61
What is the remainder when 9832592 is divided by 131?
125
Calculate the remainder when 8937555 is divided by 21.
18
Calculate the remainder when 113213 is divided by 7598.
6841
What is the remainder when 21099372 is divided by 229?
228
What is the remainder when 110598 is divided by 11621?
6009
Calculate the remainder when 1900161 is divided by 316601.
555
What is the remainder when 366473 is divided by 2797?
66
What is the remainder when 1499474 is divided by 1499337?
137
What is the remainder when 516974 is divided by 516057?
917
Calculate the remainder when 53361033 is divided by 28875.
33
What is the remainder when 1292117 is divided by 2?
1
What is the remainder when 140832 is divided by 28153?
67
What is the remainder when 749091 is divided by 10404?
3
What is the remainder when 2138693 is divided by 5320?
53
Calculate the remainder when 21226315 is divided by 4245243.
100
Calculate the remainder when 849335 is divided by 36921.
152
Calculate the remainder when 69979993 is divided by 113.
110
Calculate the remainder when 12910437 is divided by 1723.
1721
What is the remainder when 2105478 is divided by 519?
414
What is the remainder when 15481460 is divided by 394?
18
What is the remainder when 14772125 is divided by 183?
182
Calculate the remainder when 1390837 is divided by 19589.
18
What is the remainder when 994212 is divided by 2129?
2098
Calculate the remainder when 79725185 is divided by 8089.
1
Calculate the remainder when 570485 is divided by 189588.
1721
What is the remainder when 3634899 is divided by 1211491?
426
Calculate the remainder when 88376008 is divided by 15.
13
Calculate the remainder when 2939262 is divided by 50.
12
What is the remainder when 288114 is divided by 92?
62
Calculate the remainder when 1995248 is divided by 6499.
55
Calculate the remainder when 4157181 is divided by 21.
0
What is the remainder when 171565 is divided by 171504?
61
Calculate the remainder when 151961 is divided by 3304.
3281
What is the remainder when 2641960 is divided by 7083?
1
What is the remainder when 10966338 is divided by 398?
244
What is the remainder when 11942 is divided by 3012?
2906
What is the remainder when 23821185 is divided by 4680?
4665
What is the remainder when 515193 is divided by 171474?
771
Calculate the remainder when 218288 is divided by 6061.
92
Calculate the remainder when 41022 is divided by 1177.
1004
Calculate the remainder when 132237 is divided by 5692.
1321
Calculate the remainder when 3561711 is divided by 9.
6
Calculate the remainder when 43809 is divided by 5471.
41
What is the remainder when 4029329 is divided by 598?
5
Calculate the remainder when 301383 is divided by 272.
7
Calculate the remainder when 747715 is divided by 249222.
49
Calculate the remainder when 25094 is divided by 6099.
698
Calculate the remainder when 10687 is divided by 260.
27
Calculate the remainder when 4588613 is divided by 34.
7
Calculate the remainder when 129588 is divided by 6.
0
What is the remainder when 2934796 is divided by 13?
7
Calculate the remainder when 14461613 is divided by 16249.
3
What is the remainder when 67701912 is divided by 1777?
1766
What is the remainder when 96477 is divided by 49?
45
Calculate the remainder when 27839 is divided by 13567.
705
What is the remainder when 1639716 is divided by 1475?
991
What is the remainder when 8870130 is divided by 521772?
6
What is the remainder when 101576610 is divided by 286?
278
Calculate the remainder when 18558 is divided by 119.
113
Calculate the remainder when 1925908 is divided by 39304.
12
Calculate the remainder when 214440649 is divided by 475.
474
Calculate the remainder when 25039 is divided by 24848.
191
Calculate the remainder when 315216 is divided by 112.
48
Calculate the remainder when 2880511 is divided by 576089.
66
What is the remainder when 1957481 is divided by 2?
1
Calculate the remainder when 27708 is divided by 579.
495
What is the remainder when 18867978 is divided by 729?
0
What is the remainder when 70674870 is divided by 4799?
4796
What is the remainder when 19055 is divided by 668?
351
What is the remainder when 31929 is divided by 1850?
479
Calculate the remainder when 40669963 is divided by 35.
33
Calculate the remainder when 471639 is divided by 52316.
795
Calculate the remainder when 1104265 is divided by 4382.
1
What is the remainder when 269633 is divided by 105?
98
Calculate the remainder when 45929856 is divided by 274.
58
What is the remainder when 7753069 is divided by 44?
5
What is the remainder when 403442 is divided by 36673?
39
What is the remainder when 2044603 is divided by 1022299?
5
What is the remainder when 1156524 is divided by 144552?
108
Calculate the remainder when 338033 is divided by 37519.
362
Calculate the remainder when 418234 is divided by 1412.
282
What is the remainder when 1171740 is divided by 19860?
0
What is the remainder when 22642373 is divided by 115?
23
What is the remainder when 83190 is divided by 40867?
1456
Calculate the remainder when 5280 is divided by 2973.
2307
Calculate the remainder w